{"id":18,"date":"2025-05-04T10:44:42","date_gmt":"2025-05-04T10:44:42","guid":{"rendered":"https:\/\/sunatiger.ch\/wordpress\/?page_id=18"},"modified":"2026-01-08T16:07:09","modified_gmt":"2026-01-08T14:07:09","slug":"botschaft-der-berge-wer-will-sie-hoeren","status":"publish","type":"page","link":"https:\/\/sunatiger.ch\/wordpress\/","title":{"rendered":"Mit Leidenschaft am Seil"},"content":{"rendered":"\n<p><\/p>\n\n\n\n<div class=\"wp-block-columns is-layout-flex wp-container-core-columns-is-layout-9d6595d7 wp-block-columns-is-layout-flex\">\n<div class=\"wp-block-column is-layout-flow wp-block-column-is-layout-flow\">\n<div class=\"wp-block-columns is-layout-flex wp-container-core-columns-is-layout-9d6595d7 wp-block-columns-is-layout-flex\">\n<div class=\"wp-block-column is-layout-flow wp-block-column-is-layout-flow\"><\/div>\n\n\n\n<div class=\"wp-block-column is-layout-flow wp-block-column-is-layout-flow\"><\/div>\n<\/div>\n\n\n\n<div class=\"wp-block-columns is-layout-flex wp-container-core-columns-is-layout-9d6595d7 wp-block-columns-is-layout-flex\">\n<div class=\"wp-block-column is-layout-flow wp-block-column-is-layout-flow\">\n<div class=\"wp-block-cover is-light has-custom-content-position is-position-top-center\" style=\"font-size:15px\"><img loading=\"lazy\" decoding=\"async\" width=\"768\" height=\"1024\" class=\"wp-block-cover__image-background wp-image-182\" alt=\"\" src=\"https:\/\/sunatiger.ch\/wordpress\/wp-content\/uploads\/2025\/05\/ATER9378-768x1024.jpg\" data-object-fit=\"cover\" srcset=\"https:\/\/sunatiger.ch\/wordpress\/wp-content\/uploads\/2025\/05\/ATER9378-768x1024.jpg 768w, https:\/\/sunatiger.ch\/wordpress\/wp-content\/uploads\/2025\/05\/ATER9378-225x300.jpg 225w, https:\/\/sunatiger.ch\/wordpress\/wp-content\/uploads\/2025\/05\/ATER9378-1152x1536.jpg 1152w, https:\/\/sunatiger.ch\/wordpress\/wp-content\/uploads\/2025\/05\/ATER9378.jpg 1536w\" sizes=\"auto, (max-width: 768px) 100vw, 768px\" \/><span aria-hidden=\"true\" class=\"wp-block-cover__background has-background-dim-0 has-background-dim\"><\/span><div class=\"wp-block-cover__inner-container is-layout-flow wp-block-cover-is-layout-flow\">\n<div class=\"wp-block-buttons is-layout-flex wp-block-buttons-is-layout-flex\">\n<div class=\"wp-block-button has-custom-width wp-block-button__width-100 is-style-fill\"><a class=\"wp-block-button__link has-white-color has-green-background-color has-text-color has-background has-link-color has-text-align-center has-custom-font-size wp-element-button\" href=\"https:\/\/sunatiger.ch\/wordpress\/index.php\/bergerlebnisse\/\" style=\"font-size:15px\">Bergerlebnisse<\/a><\/div>\n<\/div>\n<\/div><\/div>\n<\/div>\n\n\n\n<div class=\"wp-block-column is-layout-flow wp-block-column-is-layout-flow\">\n<div class=\"wp-block-cover is-light has-custom-content-position is-position-top-center\"><img loading=\"lazy\" decoding=\"async\" width=\"576\" height=\"1024\" class=\"wp-block-cover__image-background wp-image-170\" alt=\"\" src=\"https:\/\/sunatiger.ch\/wordpress\/wp-content\/uploads\/2025\/05\/PDNL1595-576x1024.jpg\" data-object-fit=\"cover\" srcset=\"https:\/\/sunatiger.ch\/wordpress\/wp-content\/uploads\/2025\/05\/PDNL1595-576x1024.jpg 576w, https:\/\/sunatiger.ch\/wordpress\/wp-content\/uploads\/2025\/05\/PDNL1595-169x300.jpg 169w, https:\/\/sunatiger.ch\/wordpress\/wp-content\/uploads\/2025\/05\/PDNL1595-768x1365.jpg 768w, https:\/\/sunatiger.ch\/wordpress\/wp-content\/uploads\/2025\/05\/PDNL1595-864x1536.jpg 864w, https:\/\/sunatiger.ch\/wordpress\/wp-content\/uploads\/2025\/05\/PDNL1595-1153x2048.jpg 1153w, https:\/\/sunatiger.ch\/wordpress\/wp-content\/uploads\/2025\/05\/PDNL1595-scaled.jpg 1441w\" sizes=\"auto, (max-width: 576px) 100vw, 576px\" \/><span aria-hidden=\"true\" class=\"wp-block-cover__background has-background-dim-0 has-background-dim\"><\/span><div class=\"wp-block-cover__inner-container is-layout-flow wp-block-cover-is-layout-flow\">\n<div class=\"wp-block-buttons is-horizontal is-content-justification-center is-layout-flex wp-container-core-buttons-is-layout-b1807681 wp-block-buttons-is-layout-flex\">\n<div class=\"wp-block-button has-custom-width wp-block-button__width-100\"><a class=\"wp-block-button__link has-white-color has-green-background-color has-text-color has-background has-link-color has-text-align-center has-custom-font-size wp-element-button\" href=\"https:\/\/sunatiger.ch\/wordpress\/index.php\/hoehenarbeit\/\" style=\"font-size:15px\">H\u00f6henarbeit<\/a><\/div>\n<\/div>\n<\/div><\/div>\n<\/div>\n<\/div>\n\n\n\n<p><\/p>\n<\/div>\n<\/div>\n\n\n\n<p class=\"has-dark-gray-color has-text-color has-link-color wp-elements-3968007449cd4feb57cdc22ccc393621\" style=\"font-size:16px\">Seit mehr als zwanzig Jahren arbeite ich leidenschaftlich als Bergf\u00fchrer und H\u00f6henarbeiter. Die beiden Branchen sind durch die Seiltechnik eng miteinander verkn\u00fcpft. Sicherheit steht an oberster Stelle! So ist eine Bergtour erst dann erfolgreich, wenn der Gast gl\u00fccklich und gesund zu Hause von seinen Erlebnissen erz\u00e4hlt oder die Arbeit am h\u00e4ngenden Seil zur Zufriedenheit des Kunden erledigt ist und zu guten Gespr\u00e4chen am Stammtisch anregt.<\/p>\n\n\n\n<figure class=\"wp-block-image size-full is-resized\"><img loading=\"lazy\" decoding=\"async\" width=\"430\" height=\"131\" src=\"https:\/\/sunatiger.ch\/wordpress\/wp-content\/uploads\/2025\/05\/lgo_berg-do_09nov.jpg\" alt=\"\" class=\"wp-image-218\" style=\"width:504px;height:auto\" srcset=\"https:\/\/sunatiger.ch\/wordpress\/wp-content\/uploads\/2025\/05\/lgo_berg-do_09nov.jpg 430w, https:\/\/sunatiger.ch\/wordpress\/wp-content\/uploads\/2025\/05\/lgo_berg-do_09nov-300x91.jpg 300w\" sizes=\"auto, (max-width: 430px) 100vw, 430px\" \/><\/figure>\n\n\n\n<p class=\"has-dark-gray-color has-text-color has-link-color wp-elements-fe94e0c7daf48a08b49525a7d2c55cd4\" style=\"font-size:16px\"><br>Bergf\u00fchrer Dominik GmbH<br>Steigstrasse 15<br>9436 Balgach<br>071 722 08 16<br>dominik(at)sunatiger.ch<\/p>\n\n\n\n<p><\/p>\n","protected":false},"excerpt":{"rendered":"<p>Seit mehr als zwanzig Jahren arbeite ich leidenschaftlich als Bergf\u00fchrer und H\u00f6henarbeiter. Die beiden Branchen sind durch die Seiltechnik eng miteinander verkn\u00fcpft. Sicherheit steht an oberster Stelle! So ist eine Bergtour erst dann erfolgreich, wenn der Gast gl\u00fccklich und gesund zu Hause von seinen Erlebnissen erz\u00e4hlt oder die Arbeit am h\u00e4ngenden Seil zur Zufriedenheit des &hellip; <a href=\"https:\/\/sunatiger.ch\/wordpress\/\" class=\"more-link\"><span class=\"screen-reader-text\">Mit Leidenschaft am Seil<\/span> weiterlesen <span class=\"meta-nav\">&rarr;<\/span><\/a><\/p>\n","protected":false},"author":1,"featured_media":126,"parent":0,"menu_order":0,"comment_status":"closed","ping_status":"closed","template":"","meta":{"ngg_post_thumbnail":0,"footnotes":""},"class_list":["post-18","page","type-page","status-publish","has-post-thumbnail","hentry"],"_links":{"self":[{"href":"https:\/\/sunatiger.ch\/wordpress\/index.php\/wp-json\/wp\/v2\/pages\/18","targetHints":{"allow":["GET"]}}],"collection":[{"href":"https:\/\/sunatiger.ch\/wordpress\/index.php\/wp-json\/wp\/v2\/pages"}],"about":[{"href":"https:\/\/sunatiger.ch\/wordpress\/index.php\/wp-json\/wp\/v2\/types\/page"}],"author":[{"embeddable":true,"href":"https:\/\/sunatiger.ch\/wordpress\/index.php\/wp-json\/wp\/v2\/users\/1"}],"replies":[{"embeddable":true,"href":"https:\/\/sunatiger.ch\/wordpress\/index.php\/wp-json\/wp\/v2\/comments?post=18"}],"version-history":[{"count":37,"href":"https:\/\/sunatiger.ch\/wordpress\/index.php\/wp-json\/wp\/v2\/pages\/18\/revisions"}],"predecessor-version":[{"id":475,"href":"https:\/\/sunatiger.ch\/wordpress\/index.php\/wp-json\/wp\/v2\/pages\/18\/revisions\/475"}],"wp:featuredmedia":[{"embeddable":true,"href":"https:\/\/sunatiger.ch\/wordpress\/index.php\/wp-json\/wp\/v2\/media\/126"}],"wp:attachment":[{"href":"https:\/\/sunatiger.ch\/wordpress\/index.php\/wp-json\/wp\/v2\/media?parent=18"}],"curies":[{"name":"wp","href":"https:\/\/api.w.org\/{rel}","templated":true}]}}